 -7 + 0 + (17 + (18 - 18) + -26 - 5).
-21
What is -4 - -15 - -11 - 46?
-24
3 + -38 + -68 + 46 + (22 - -2)
-33
What is 37 - -3 - ((56 - 25) + -18)?
27
Calculate -65 + -3 + ((-4 - -8) + -12 - -18).
-58
17 + 3 + -4 - (-178 + 199)
-5
What is 39 + -5 - (46 - (109 + -115))?
-18
Calculate -21 + 18 + -39 + 9 + 6.
-27
(-13 - (-16 + (-13 - -11))) + 1 - (-67 + 0)
73
Evaluate -11 + (15 - (-24 + 27)) - (-9 + 1) - -2.
11
-3 - ((27 - 14 - (7 + 9)) + -13)
13
Calculate -47 + (-1 - (2 - 1)) + (45 - (-14 - -51)).
-41
52 - ((12 - (-1 + (-1 - -7) + 9)) + 7)
47
Evaluate (-493 + 576 - (0 - 0 - -12)) + -13.
58
Calculate -35 + -36 - -28 - -13 - -13.
-17
Calculate (-23 - (5 - 11)) + (37 - 16).
4
What is (-1 - 6 - (-7 + 21 + -21)) + 28 - -10?
38
-1 + 12 + -1213 + 1205
3
(917 - 879) + (-84 - (2 - -2))
-50
-128 - (99 + -154 + 1)
-74
Evaluate (4 - -2) + (-2 - -3) - -8 - 4 - 71.
-60
What is -12 - (-7 - (-10 + 7) - 30)?
22
Calculate 40 + -89 + (7 - (16 - -3)).
-61
What is -12 - (-5 + (-8 - -26) - (-11 - -4))?
-32
Calculate -46 - (-7 - 144) - (-9 - (1 + -11)).
104
Calculate (22 + 55 - 15 - 15) + -26.
21
What is the value of (-80 - 1) + (17 + (-3 - -2) - (-143 - -164))?
-86
What is -2 + 1 + 1 - (-298 + 286 - -129)?
-117
56 - (106 - (13 - -45)) - (0 + 1 + 17)
-10
What is the value of -2 + -19 - (-30 - (84 + -83))?
10
What is the value of -9 + (2 - (-7 + -1 + 9)) - -54 - 5?
41
Calculate -55 - (82 + 36 + -107).
-66
What is (-48 - -59) + -16 - (10 + 2)?
-17
What is 59 - (-4 + (-6 + 4 - -2)) - (-417 - -422)?
58
What is the value of 11 + (-9 - (19 + -12 + 3 + -14))?
6
(47 - 56) + (-14 - (-24 - 29))
30
What is -13 - (9 + (-32 - (-32 + 10)) - (1 - -12))?
1
What is -82 - (-272 + 134) - (-2 - 45)?
103
Evaluate 0 - (21 - 14) - (4 - (-44 + -10)).
-65
What is the value of 52 + -2 - (104 - 73)?
19
What is (-9 - (-2 - (9 - 17))) + (-10 - -12)?
-13
Evaluate 12 - (-27 - ((-35 - -37) + -1)).
40
What is -23 + -7 + (17 - -47 - -16)?
50
What is (-19 - 14) + -22 + (-4 - 1 - (1 + 6))?
-67
Evaluate 5584 + -5607 - (16 + 0 + 0) - -1.
-38
What is the value of 2 - (-1 - 3 - (21 + -55 + 17 + 16))?
5
Calculate -6 + 11 + -7 + -21 + 21.
-2
What is the value of 222 + -27 + -89 - 61?
45
Calculate -164 + 145 - ((-13 - -3) + 40).
-49
Calculate (-163 - -180) + (-6 - (-7 - -17)) + -30.
-29
Evaluate (1 - 61) + (82 - 44) + -4 + -13.
-39
What is -5 + 60 + (-22 - -29) + 9 + 0?
71
What is -20 - (6 - -13 - (3 + 4) - 13)?
-19
Evaluate 25 + -28 + -15 + (-1 - (5 + (0 - 7))).
-17
Evaluate 1 + 0 - (59 + (39 - 27) + 3).
-73
What is -14 - (10 + -28) - -53 - (1 - -8)?
48
Evaluate -9 - (-53 - 12) - 12 - (7 - 1).
38
43 - ((84 - 72) + 113)
-82
(-176 - -62) + 212 - 135
-37
What is 1304 + -1342 + 7 + -1?
-32
Evaluate -9 + (-20 + 13 - 2) + -4 - 5.
-27
Evaluate -49 + (59 + -24 - -54).
40
What is -76 - (-260 + 242 - (3 - 1 - 0))?
-56
Evaluate -1 + -15 + (12 - (-18 - (-1 - 35))) - 6.
-28
What is 33 + (33 - 30) - 24?
12
What is -35 + (11 - -5) - (33 + -35)?
-17
What is the value of -48 + (-32 + 42 - 52) - (0 - 10)?
-80
Calculate (-1394 - -1419) + (-56 - 1).
-32
What is the value of -33 - 7 - (20 + (12 + -33 - -13))?
-52
(-29 - (-59 - -37)) + (-1 - -62)
54
What is -37 - (59 + -12 + -29 + 1)?
-56
Evaluate -145 - ((-37 - -26) + (21 - (14 + -5))).
-146
Calculate -14 + -12 + 25 + -3 + 6 + -7.
-5
What is the value of -34 + (1 - -5 - -15) - (8 - -2)?
-23
(4 - (35 + -63) - -13) + 92
137
Evaluate -18 + (17 - -4 - (-13 - 5)).
21
What is (-37 - 32) + 154 + -125?
-40
Calculate -11604 + 11581 + (-7 - (0 + 1 + 1 + -3)).
-29
Evaluate -33 + 5 + -609 + 660.
23
Calculate (66 - 68) + 13 - (80 + 3).
-72
Calculate -39 + (59 - 77) + 78.
21
What is the value of -4 + 25 + -8 - (54 - -16)?
-57
Calculate 10 - -50 - (61 + -20).
19
What is the value of 37 + 77 + -132 + 40?
22
What is the value of (1 - -16) + 131 + -120 - 19?
9
1 + 16 + (-27 - -18) + 13 + 0
21
Calculate -17 + 10 - (86 - 169 - (1 + -10)).
67
What is the value of (-11 - 23) + 25 + -6 + 9?
-6
Evaluate 12 - (-16 - (41 - 67)).
2
What is -11 - 0 - -17 - (-71 + 40)?
37
Calculate 27 + (6 - 2 - -26 - 109).
-52
19 + (-12 - -1) + -10 + (-11 - -53)
40
-62 + (38 - -67) + -28
15
What is (21 - -24) + (-81 - -7) - -111?
82
Evaluate 25 - -2 - (219 - 249).
57
What is 2 + -9 + 5 + (-1214 - -1303)?
87
What is -15 + (2 - -29) + 7 + 9?
32
What is (8 + (13 + -23 - -25) - 13) + (0 - 45)?
-35
Evaluate -235 + 203 - (-79 + (-1 - -4)).
44
What is 7 - (5 + (-4 + -5 - 1)) - 41?
-29
Evaluate (-20 - 2) + -22 + 29 - (-77 + -4).
66
What is (47 + -41 - (1 + 1)) + 6 - 10?
0
Evaluate -19 + 1 + (-7 - -13) - (-6 + 13 + 51).
-70
Calculate -1 - -103 - (73 - (105 - (19 + 33))).
82
Evaluate (0 - -14) + (68 + -59 - 9).
14
-128 + 118 + (-25 - -3)
-32
Evaluate 51 + 45 + -70 + -1 + -18.
7
Calculate 47 + -28 + -110 + 9 + 24.
-58
What is 15 - (-38 + 63 - 5 - (52 - -2))?
49
Calculate (1 - -6 - 5) + (74 - (254 - 69)).
-109
What is -8 + 8 + (-8 - -16) + (-28 - -38)?
18
Evaluate 12 + 8 + (-2 - 1) - (139 - 61).
-61
What is 3509 + -3500 - ((-1 - -3) + (4 - -2) - 0)?
1
Evaluate 14 + -1 + -390 + 362 + (1 - 23).
-37
Calculate (-2 - 2) + (57 + -156 - (-9 + -3 + 6)).
-97
What is the value of (359 - 300) + -3 + -16?
40
What is the value of -151 + (102 - 12) + (1 + -2 - -4)?
-58
What is (101 - (26 + -8)) + 151 + -162?
72
Evaluate -2 + 22 + (44 - 60) + (3 + -3 - 20).
-16
Evaluate -21 + -3 + 12 + 86 + -23.
51
What is the value of 9 + 1 + 0 + 65 + -77 + 4 + 2?
4
What is 24 + -38 + (25 - 34) - (3 + -87)?
61
-1 - 3 - (9 - ((30 - 52) + -4))
-39
60 + 1 + -62 + 15
14
4 - (17 - (13 + -6) - (3 + -1 - -7))
3
(18 - (-38 - -41)) + -14 + -16
-15
What is -11 + (45 - (7 - 25)) + (0 - -6)?
58
What is 40 - (82 - -9 - 8)?
-43
What is (92 - -5) + 5 - (247 - 267) - (2 - -3)?
117
What is -16 - ((-16 - -10) + 14 + 12)?
-36
What is 42 - 181 - -223 - 52?
32
What is 146 + (-158 - 57) + (-1 - (1 - 13))?
-58
-10 - (-41 + 50 + -83 - (8 - (2 - 2)))
72
What is the value of -1 + -1 - ((-4 - 0) + 63) - (-18 - -22)?
-65
(-7 - (-2 + -11)) + (-8 - 71) + 17
-56
-5 + 5 + 22 + (35 + -11 - 84)
-38
Calculate 47 + (2 - -2) + (-46 - (-11 - 22)).
38
Evaluate 7 - (-1 + (14 - 18) + 5 - 89).
96
3 + 1 - (-1 - 5 - (-15 - (-1 - 25)))
21
Calculate -97 + (-26 - -145) + (8 - (2 - 4)) + 0.
32
Calculate -16 - (0 - 4) - (14 - (-10 - -9)).
-27
Evaluate (-17 - 18) + ((-12 - -6) + 21 - 9 - 7).
-36
Evaluate -1595 + 1585 + (0 - -38).
28
Evaluate -18 - (1 + -3 - (-111 - -100)).
-27
What is 23 + (-5 - (5 + -7) - (18 + -30 + 4))?
28
What is the value of (-6 + (2 + 7 - 13) - (-6 - -89)) + 0?
-93
3 + (-5 + 2 + (2 - (10 + -3)) - 3)
-8
What is the value of 2 + -4 + (-103 - -48) + (10 - -3)?
-44
What is the value of (19 - (-2 + (-14 - -25)) - 28) + -5?
-23
What is the value of (-19 - -7) + -16 + 24 + -19?
-23
What is 6 + 1 - (-98 + -8 + 113)?
0
What is 22 + 27 + -36 + (-1 - 109) + -2 + 7?
-92
Evaluate (680 - 678 - (-1 - (1 - 28))) + 0 + -1.
-25
What is the value of -85 - (0 - 7 - (-90 + 50 - -33))?
-85
What is -7 - -1 - -61 - (8 + 3) - 6?
38
1 - 64 - (-63 - 11)
11
-1 - 46 - (-13 + 7 + -3 - (-10 + -8))
-56
Evaluate (4 - 28) + 47 - 19.
4
4347 + -4291 - (2 + -1 + 0 + (-3 - -12))
46
Evaluate 44 - (28 - 71 - -80).
7
2 - -5 - (-803 + 850)
-40
Evaluate (3 - 3) + -30 + (3 + -10 - (18 - 31)).
-24
What is (-19 - (0 + -8)) + 13 + -19?
-17
What is -3 + (22 - 10) + -26 + -41 + -1 + -1?
-60
What is the value of -74 + 70 + -3 + 4 + (5 - 128 - -3)?
-123
Evaluate 1 + -4 - 6 - (-43 - (-6 + 33)).
61
Evaluate (-23 - (-15 - (39 + -23))) + -30 + -1.
-23
What is -1 + -5 + (3 - (-2 + -5)) + -76?
-72
What is 110 + 8 + -28 + -11 + -2?
77
-145 - (-4 + (2 - (8 + -5)) - (-7 + 15))
-132
What is ((9 - (-9 + 7)) + 2 - -19) + 0?
32
What is (-19 - (-49 - 14)) + 2 + -13?
33
What is the value of -26 - (-88 - -58) - 75?
-71
What is the value of (11 - 24) + 17 + 1 - -4?
9
What is the value of (19 + -3 + -46 - -20) + (2 - (107 + 3))?
-118
Calculate (41 + -234 - -135) + 136.
78
-37 + (30 - 50 - 33 - -6)
-84
What is -37 + (859 + -909 - (-1 + 3))?
-89
What is (-18 - 49 - (48 + 7)) + 8 + -2?
-116
What is the value of -2 - (-25 + 13) - (0 + (8 - 3))?
5
What is the value of 60 - (74 - (-17 + -14))?
-45
Evaluate (0 - 1 - (60 - 79) - 4) + (-4 - -3).
13
Calculate -99 + 2 + 3 + (4052 - 4032).
-74
What is (-71 - -67 - (0 - (41 + 3))) + (-2 - 4)?
34
Calculate (2 - 36) + (-